{"id":20,"date":"2020-12-28T15:10:54","date_gmt":"2020-12-28T14:10:54","guid":{"rendered":"http:\/\/192.168.64.3\/shindo\/?page_id=12"},"modified":"2023-04-27T17:40:58","modified_gmt":"2023-04-27T15:40:58","slug":"ein-homepage-abschnitt","status":"publish","type":"page","link":"https:\/\/www.shindo.at\/?page_id=20","title":{"rendered":"Wald-Zen"},"content":{"rendered":"\n<p class=\"has-text-align-right has-text-color has-small-font-size\" style=\"color:#720816\">&#8222;Ich versuche einfach nur, meine Sch\u00fcler zu lehren, wie man dem Gesang der V\u00f6gel lauscht.&#8220;<\/p>\n\n\n\n<p class=\"has-text-align-right has-black-color has-text-color has-small-font-size\">SHUNRYU SUZUKI<\/p>\n\n\n\n<p>In einem Waldst\u00fcck in Sch\u00f6nberg (N\u00e4he Rohrbach) steht diese kleine Waldh\u00fctte Menschen zur Verf\u00fcgung, die Zeit mit sich selbst verbringen m\u00f6chten und dazu einen abgeschiedenen Ort suchen. Die H\u00fctte ist mit einem kleinen Holzofen ausgestattet, zudem k\u00f6nnen auf einem  Gaskocher Tee und warme Gerichte zubereitet werden. Dusche und WC k\u00f6nnen im Wohnhaus ben\u00fctzt werden.<\/p>\n\n\n\n<p><em>SHINRIN YOKU<\/em> &#8211; &#8222;in Waldluft baden&#8220; nennt man in Japan den heilsamen Aufenthalt unter B\u00e4umen.<\/p>\n\n\n\n<p>Ein Meditationsplatz in der H\u00fctte sowie einsame Waldpfade unterst\u00fctzen den Weg nach innen.<\/p>\n\n\n\n<p>Der Aufenthalt in der Waldh\u00fctte Sch\u00f6nberg ist kostenlos, freiwillige Spenden zum Erhalt des Ortes sind willkommen.<\/p>\n\n\n\n<p>Die Waldh\u00fctte ist von Anfang Mai bis Ende September verf\u00fcgbar.<\/p>\n\n\n\n<p>Informationen und Anmeldung: Marcus Hillinger,\u00a0<a href=\"mailto:info@shindo.at\">info@shindo.at<\/a>\u00a0und +43.650.6859775.<\/p>\n","protected":false},"excerpt":{"rendered":"<p>&#8222;Ich versuche einfach nur, meine Sch\u00fcler zu lehren, wie man dem Gesang der V\u00f6gel lauscht.&#8220; SHUNRYU SUZUKI In einem Waldst\u00fcck in Sch\u00f6nberg (N\u00e4he Rohrbach) steht diese kleine Waldh\u00fctte Menschen zur Verf\u00fcgung, die Zeit mit sich selbst verbringen m\u00f6chten und dazu einen abgeschiedenen Ort suchen. Die H\u00fctte ist mit einem kleinen Holzofen ausgestattet, zudem k\u00f6nnen auf &hellip; <\/p>\n<p class=\"link-more\"><a href=\"https:\/\/www.shindo.at\/?page_id=20\" class=\"more-link\"><span class=\"screen-reader-text\">\u201eWald-Zen\u201c<\/span> weiterlesen<\/a><\/p>\n","protected":false},"author":1,"featured_media":98,"parent":0,"menu_order":3,"comment_status":"closed","ping_status":"closed","template":"","meta":{"footnotes":""},"class_list":["post-20","page","type-page","status-publish","has-post-thumbnail","hentry"],"_links":{"self":[{"href":"https:\/\/www.shindo.at\/index.php?rest_route=\/wp\/v2\/pages\/20","targetHints":{"allow":["GET"]}}],"collection":[{"href":"https:\/\/www.shindo.at\/index.php?rest_route=\/wp\/v2\/pages"}],"about":[{"href":"https:\/\/www.shindo.at\/index.php?rest_route=\/wp\/v2\/types\/page"}],"author":[{"embeddable":true,"href":"https:\/\/www.shindo.at\/index.php?rest_route=\/wp\/v2\/users\/1"}],"replies":[{"embeddable":true,"href":"https:\/\/www.shindo.at\/index.php?rest_route=%2Fwp%2Fv2%2Fcomments&post=20"}],"version-history":[{"count":11,"href":"https:\/\/www.shindo.at\/index.php?rest_route=\/wp\/v2\/pages\/20\/revisions"}],"predecessor-version":[{"id":928,"href":"https:\/\/www.shindo.at\/index.php?rest_route=\/wp\/v2\/pages\/20\/revisions\/928"}],"wp:featuredmedia":[{"embeddable":true,"href":"https:\/\/www.shindo.at\/index.php?rest_route=\/wp\/v2\/media\/98"}],"wp:attachment":[{"href":"https:\/\/www.shindo.at\/index.php?rest_route=%2Fwp%2Fv2%2Fmedia&parent=20"}],"curies":[{"name":"wp","href":"https:\/\/api.w.org\/{rel}","templated":true}]}}